uppose 50 = -9*x - 112. What are the prime factors of (-6 - x)/6 - -539?
541
Let c(u) = 26*u + 143. List the prime factors of c(0).
11, 13
Let y(v) = 6*v**2 + 1633. What are the prime factors of y(0)?
23, 71
Let y(t) be the third derivative of t**5/12 + t**4/6 + 2*t**3 + 2*t**2 + 10. List the prime factors of y(-6).
2, 3, 7
Let n(y) = 441*y + 359. List the prime factors of n(15).
2, 11, 317
Let d = 1391 + -131. Suppose 2*l + 3*t - 1153 = 0, 4*l + d - 3576 = -4*t. Let g = l + -365. What are the prime factors of g?
3, 73
Suppose 0 = -6*y - y + 14. List the prime factors of y*(-26 + -2)/(-2).
2, 7
Let l(k) = -2*k + 4. Let q be l(-3). Let m be 8/q + (-4)/5. Suppose m = -0*b - 6*b + 450. List the prime factors of b.
3, 5
Let q = -365 + 407. Suppose 4*y + 92 = a, -246 = -2*a + 4*y - q. List the prime factors of a.
2, 7
What are the prime factors of 17/(2/5290*(-5 - (-5 + -5)))?
17, 23
Let t = 19 - 4. Let f be 6/1 + (-73)/(-1). Let z = t + f. List the prime factors of z.
2, 47
Let r be -5 - 0 - (10 + -10). Let n be 4 - 2 - (-10)/r. Suppose n = -2*l - v - v + 232, -l = -2*v - 107. What are the prime factors of l?
113
List the prime factors of (-10 + 6)*(-22758)/4 + -13 + 16.
3, 281
Let l(d) = 3*d**2 - 8*d + 8. Let c(h) be the first derivative of -2*h**3/3 + 9*h**2/2 - 8*h - 2. Let k(w) = 3*c(w) + 4*l(w). What are the prime factors of k(4)?
2, 3, 7
Suppose 9*l = -4037 - 10039. Let g = -914 - l. What are the prime factors of g?
2, 5, 13
Let g(i) = -i**2 - 13*i + 8. Suppose r = -r - 26. Let w be g(r). Suppose -w = 3*u - 203. List the prime factors of u.
5, 13
Suppose -4*u = -23*u + 836. Suppose u*t - 46*t = -130. List the prime factors of t.
5, 13
Suppose 0 = 2*m - 2*k - 25908, 3*m - 4*k = -3*k + 38872. What are the prime factors of m?
12959
Suppose -3602835 = -67*j - 406399. List the prime factors of j.
2, 11927
Let m(l) = l**3 + 14*l**2 - 18*l - 31. Let q be m(-15). Suppose 3*h + 2431 = q*h. List the prime factors of h.
13, 17
Let x = -727 + 1525. Suppose 8*f + x = 15*f. List the prime factors of f.
2, 3, 19
Let z = -62 - -109. Let g = z + -46. List the prime factors of (-5 + 280/(-21))*-3*g.
5, 11
Suppose 55*i - 169 = 52*i - 4*c, -5*i = 2*c - 291. Suppose 0 = -2*g + 2*o + 888, o - 25 = 6*o. Suppose 10*t - g = -i. What are the prime factors of t?
2, 19
Let v = 11644 + -8215. What are the prime factors of v?
3, 127
Let f be 1*3*195/9. Let g = 34 + f. List the prime factors of g.
3, 11
Suppose -5*v - 34 = -w - 0*w, 4*w - 4*v - 152 = 0. List the prime factors of (2 - (-1 - -63))*(31 - w).
2, 3, 5
Let y(m) = -9*m + 30. Suppose 2*l - 4 = -12, 4*d - 72 = 5*l. Let w be y(d). What are the prime factors of ((-60)/(-30))/(0 + (-2)/w)?
3, 29
Let z(l) = -426*l + 18. Let t be z(1). Let q = -81 - t. What are the prime factors of q?
3, 109
Suppose -810975 - 534624 = -27*j. What are the prime factors of j?
19, 43, 61
Let z be 135/12 - (-1 + 10/8). Suppose 2*a - z*a + 3519 = 0. Let v = -220 + a. List the prime factors of v.
3, 19
Suppose 19*v - 30 - 27 = 0. Suppose -v*j + 2*t + 2419 = -3*t, 0 = 3*j - 3*t - 2421. What are the prime factors of j?
2, 101
Let b = -429 + 428. Let t(z) = -1146*z + 26. What are the prime factors of t(b)?
2, 293
Let s be (-1062 - 3) + (-8)/1. Let c = s + 2968. What are the prime factors of c?
5, 379
Suppose -2*g - 2*d + 24681 = -2311, g + 2*d = 13495. List the prime factors of g.
3, 11, 409
Let y = 3135 - -8982. What are the prime factors of y?
3, 7, 577
Suppose w = 3*i - 2858, -3*w + 137 = i - 809. List the prime factors of i.
2, 7, 17
Let m(y) = -115*y + 6*y - 16*y - 73 + 77. Suppose -4*g + 2*o - 12 = -4, o - 3 = g. What are the prime factors of m(g)?
3, 43
Let g(y) = -422*y + 120. List the prime factors of g(-53).
2, 11243
Suppose 0 = -2*a + 4*m + 37584, 8*a + 5*a + m - 244242 = 0. What are the prime factors of a?
2, 7, 11, 61
Let m be 1/(-4) - (473/44 + -11). Suppose 3*z - 5*l - 1964 = m, -2*z + l + 1948 = z. List the prime factors of z.
2, 3
List the prime factors of (-10)/(-30)*3 + -6 + 14938.
109, 137
Suppose 0 = 2*h - 5*w - 42, -5*h + 5*w + 0*w = -75. Suppose n = -h - 0. What are the prime factors of 50/(-4)*66/n?
3, 5
Let v = -260 + 453. Let x(b) = -5*b**2 + 3*b + 2. Let q be x(5). Let k = q + v. List the prime factors of k.
5, 17
Let r be 234/(-5)*20/(-8). Suppose 2*y - 143 - r = 4*z, -3*z = 3*y + 213. What are the prime factors of 2 - (z + -3 - 2)?
2, 37
Suppose -3*y - 4*b - 6939 = 0, -5316 = 4*y + 5*b + 3936. Let r = 3635 + y. What are the prime factors of r?
2, 661
List the prime factors of ((-6)/(-9)*-6)/((-3)/7836).
2, 653
Suppose 0 = -5*c - 6*i + 4*i + 117214, -5*c - 5*i + 117205 = 0. What are the prime factors of c?
2, 5861
List the prime factors of (37488/(-220))/(2/(-30)).
2, 3, 71
Suppose 17*k - 5400 = -7*k. Suppose 0*b - b - 3*o - 141 = 0, -b - 161 = -2*o. Let p = k + b. List the prime factors of p.
2, 3
Let y be (-9)/(-7) - 48/168. Let v be (-1 + 4 + 3)*(1 + y). Suppose 0 = -3*s + 3*p + 145 + 368, v = -4*p. List the prime factors of s.
2, 3, 7
Suppose 0 = 40*j - 42 - 158. Suppose 61*d - 4726 = -j*a + 62*d, 3*a - 4*d = 2839. What are the prime factors of a?
3, 5, 7
Let q(h) = 9*h + 68 + 10 - 78. Let s be ((-4)/(-5))/((-2)/(-10)). What are the prime factors of q(s)?
2, 3
Let g be -2*(-3 - 29/(-2)). Let p = g + 17. What are the prime factors of (-406)/(-42)*6/(-4)*p?
3, 29
Let h = 18005 - -7237. What are the prime factors of h?
2, 3, 7, 601
Suppose -10*f - 8 - 42 = 0. Let t(z) = -4*z - 15. Let c be t(f). Suppose -3*u + 608 = c*u. What are the prime factors of u?
2, 19
Suppose -3*s = -4*i + 432, 0*s = 5*i + 2*s - 517. Let t(r) = 12*r + 161. Let g be t(-13). Suppose g*l + i = 8*l. List the prime factors of l.
5, 7
Let w(c) = -11*c**2 - 3*c. Let i be w(3). What are the prime factors of (i/(-30))/(-9) - 3424/(-10)?
2, 3, 19
Let s(g) = 2*g**3 - 43*g**2 + 26*g + 2. List the prime factors of s(22).
2, 23
Suppose -3*c + 329 = 4*c. Suppose b + c - 2 = 0. Let z = 64 + b. What are the prime factors of z?
19
Suppose -k + 2 = -5*r, 0 = 3*r - 3*k + k + 4. Suppose 4*h - h = r. List the prime factors of 78/2*(h - -1).
3, 13
Let j be (1112/112 - 2/(-28))*5. Let b = 13 + -28. Let d = b + j. What are the prime factors of d?
5, 7
Let v(x) = 3*x**2 + 4*x - 8. Let t be v(-6). Suppose 1171 + 40 = 7*u. Let d = u - t. What are the prime factors of d?
97
Suppose -3*i + 4*f + 84 = 0, 4*i - 90 = -3*f + f. Let p = 76 - i. Let c = p + -46. What are the prime factors of c?
2, 3
Let w = -3 - -5. Let b(s) = s**3 - 21*s**2 + 17*s + 62. Let y be b(20). Suppose 0 = y*r + w*r + 4*x - 832, -628 = -3*r + x. What are the prime factors of r?
11, 19
Suppose -13*o = -10826 - 939. Suppose 0 = -17*y + 676 + o. What are the prime factors of y?
3, 31
Let s(r) = -13*r - 10. Let j be s(-7). Let t = j + 30. List the prime factors of t.
3, 37
Suppose -27*u = -151333 - 440318. What are the prime factors of u?
17, 1289
List the prime factors of 3205 - -2 - (-12 + 6 + 2 + 1).
2, 3, 5, 107
Suppose -2*o + 241 + 303 = 0. Let w = -162 + o. List the prime factors of w.
2, 5, 11
Suppose 103 - 95 = -4*b. What are the prime factors of b/(((-3)/(-724))/(48/(-32)))?
2, 181
Suppose -4*f + 3*h + 125236 = 24971, -h = -3*f + 75205. List the prime factors of f.
2, 5, 23, 109
What are the prime factors of (775/2)/(6/108*9)?
5, 31
Let o(z) = -4 + 4*z**2 + 2*z + 0*z**3 - 7*z**3 + 0 + 9*z**3. Let p be o(-4). What are the prime factors of p/(-418) - (493/(-11) - 1)?
2, 23
Let q = 15942 - -7286. List the prime factors of q.
2, 5807
Let i be 84/(-21) + (3 - -165) + 1. What are the prime factors of (i/20)/(21/1904)?
2, 11, 17
List the prime factors of (-17346)/196*2*246/(-9).
2, 41, 59
List the prime factors of 75244 + -38 + -14 + -9.
3, 19, 1319
Suppose -21 - 9 = -5*y. Let h(x) = 10 + 0 + 127462*x + 36 - 127446*x. List the prime factors of h(y).
2, 71
Let h be 0/3 + (-1386)/(-1). Let l = h - 984. Suppose 4*f - l = -0*t - t, -2*t = -2*f + 206. What are the prime factors of f?
101
Let l = 203 - 198. Suppose 8*w + 423 = t + l*w, t + 3*w - 441 = 0. What are the prime factors of t?
2, 3
Let d(j) = -107*j - 155. What are the prime factors of d(-20)?
5, 397
Suppose 10*u = -4*u + 154. Suppose 0 = -u*l + 85 - 19. What are the prime factors of l?
2, 3
Suppose 5*l + g = 11, -2*g = l - 4 - 0. Let f be l*3 